2/90).
2, 3
Suppose 2*z - 8*l - 7857 = -13*l, -3*l + 19614 = 5*z. What are the prime factors of z?
3, 1307
Let c(z) = -94*z - 3. Let y be c(-2). Suppose -3*i + 52 + y = 0. List the prime factors of i.
79
Let n(y) = -113*y - 6. Let d(p) = -228*p - 13. Let z(l) = 4*d(l) - 9*n(l). List the prime factors of z(2).
2, 53
Suppose -13*z - 10*z = -9269. List the prime factors of z.
13, 31
Suppose 6*p - 18*p = 24. What are the prime factors of (p/(-3))/((-3)/(-333))?
2, 37
Suppose -22*g - 1016 + 6384 = 0. What are the prime factors of g?
2, 61
Let h be 4/10 + (-16)/(-10). Let l(z) = -z**3 - 4*z**2 + 12*z + 5. Let c be l(-6). Suppose r + 4*r - 121 = h*p, c*p - 35 = -r. List the prime factors of r.
5
Let w(u) = u**3 - 3*u**2 - 2*u + 5. Let a be w(4). Let c = 19 - a. What are the prime factors of (c/4 + -1)*28?
2, 7
What are the prime factors of ((-33510)/(-12))/5*2?
1117
Suppose 3*n = -n. Suppose -3*f = -0*f + 3*i + 12, n = 4*f - 5*i - 29. List the prime factors of (-4)/(4/(-7))*f.
7
Suppose y - 8 = -4*t, 5*y + 2*t + 0*t = 4. Suppose y = -5*k + j + 27, 0 - 8 = -2*k - j. What are the prime factors of k?
5
Suppose 0 = -v + 1 + 3, 3*h - 4*v = 71. Let l = h - 23. Let p(o) = 3*o + 10. What are the prime factors of p(l)?
2, 7
Let r = 1123 + 632. List the prime factors of r.
3, 5, 13
Let w = 20 - 23. Suppose 4*u + 6*v - 2*v = 0, -u + 6 = -v. What are the prime factors of 4 + (19 - (u + w))?
23
Let c(b) = -b**2 - 20*b + 9. Let d be c(-15). List the prime factors of (d/48)/((-2)/(-184)).
7, 23
Suppose 64*x + 7412 = 81*x. List the prime factors of x.
2, 109
Let m(u) = 4*u**2 - 17*u + 9. Let k(z) = z + 5. Let f be k(-8). Let n(q) = 3*q**2 - 17*q + 9. Let o(v) = f*n(v) + 2*m(v). What are the prime factors of o(8)?
3, 7
Let r(y) = -2*y**3 + y**2 - 2*y - 2. Let x be r(-1). Suppose -5*z + x*z + 4*i = -242, 3*z = 5*i + 359. List the prime factors of z.
113
Suppose 6*n = 2*n + 84. Let d be ((-5)/15 + 1)*(3 - 0). Suppose -d*h + 11 = -n. What are the prime factors of h?
2
Let y = -808 - -1508. Suppose 3*u - 2*h - 304 = 126, -5*u - 5*h = -y. What are the prime factors of u?
2, 71
Let p(n) = 39*n**2 + 20*n - 6. List the prime factors of p(-4).
2, 269
What are the prime factors of 404 - ((-4)/(-4) - 5)?
2, 3, 17
Suppose 3*r + 342 = -r - 3*p, -4*r - 356 = -4*p. Let d = r - -107. List the prime factors of d.
2, 5
Suppose 2728 = 3*f + 1072. Suppose -3*n - 3*q = -f, -4*n = 3*q - 233 - 505. What are the prime factors of n?
2, 3, 31
Suppose 6*z + 13*z - 6517 = 0. What are the prime factors of z?
7
Let a(x) = 15*x - 7. Let r(j) = 22*j - 11. Let d(s) = -8*a(s) + 5*r(s). What are the prime factors of d(-9)?
7, 13
Suppose -v - 7*r - 113 = -6*r, -5*r = -10. Let h = v - -126. List the prime factors of h.
11
Suppose -4*z = -z - 3. List the prime factors of 61 + z + (5 - 4).
3, 7
Let m = -34 + 64. Let a be (-12)/m*(-10)/(-1). Let j = a - -42. What are the prime factors of j?
2, 19
Let a(t) = t**2 - 10*t - 74. What are the prime factors of a(-30)?
2, 563
Let x(a) = a**3 + 38*a**2 + 22*a + 34. List the prime factors of x(-16).
2, 2657
Let q = 185 - 37. List the prime factors of q.
2, 37
Let r = 3809 - 2485. What are the prime factors of r?
2, 331
Let q(k) = 2*k**3 + 5*k - 5. Let w be q(1). Suppose -5*a - 4*o = -885, -2*a - w*o = -o - 357. What are the prime factors of a?
181
Suppose 5*o + 0*o = 5*w + 5, -5*o + 4*w = 0. Let p be 0/(-1) + -1 - o. List the prime factors of 14/(-21) + 80/p.
2, 13
Let s = -222 - -136. Let i = 214 + s. What are the prime factors of i?
2
Suppose -o = 3*a - 15, -o - 3 = -a + 6. Suppose a = b + 56. Let t = -36 - b. List the prime factors of t.
2, 7
Let y(r) = r**3 + 10*r**2 + r + 12. Let u be y(-10). What are the prime factors of 63/1*(-6 - (-16)/u)?
2, 3, 7
Let b(q) = 77*q**2 + 6*q + 21. List the prime factors of b(-3).
2, 3, 29
Suppose -29*z + 3971 = 694. What are the prime factors of z?
113
Let f(h) = 39*h + 2. Let o(z) = -z**2 - 7*z - 3. Let t be o(-6). Let q be f(t). Let s = q - 75. List the prime factors of s.
2, 11
Let b(d) = 7*d**2 + 10*d + 9. What are the prime factors of b(-5)?
2, 67
Suppose -165*k = -156*k - 8298. What are the prime factors of k?
2, 461
Let j = 13 - 11. Suppose -3*r = j*r + 15. Let d(m) = 2*m**2 - 2. What are the prime factors of d(r)?
2
Let x(c) = -c + 5. Let h be x(3). Suppose -3*i = -h*z + 73, 2*i = 2*z + z - 112. What are the prime factors of z?
2, 19
Let a be (-4)/((-8)/6) - -45. Suppose 3*w - 150 = -3*x - a, -5*x - 136 = -4*w. What are the prime factors of w?
2, 17
List the prime factors of (-44)/198 - 45760/(-18).
2, 31, 41
Let p be (7/28)/(1/2)*-4. Suppose -4*o = o + 15. What are the prime factors of (-74)/o - p/6?
5
Suppose 5*j = -179 + 29. Let w = -30 - j. Let f = w - -28. What are the prime factors of f?
2, 7
Let v = -170 - -333. List the prime factors of v.
163
Suppose -3*n = -i - 223 - 979, -5*n + 4*i + 1994 = 0. List the prime factors of n.
2, 3, 67
Suppose -3*m = -5*i - 5*m - 225, -200 = 5*i - 3*m. Let y = i - -102. List the prime factors of y.
59
Let q(c) = 3*c**2 + 10*c + 7. Let d(x) be the first derivative of 4*x**3/3 + 9*x**2/2 + 8*x + 13. Let v(n) = 5*d(n) - 6*q(n). List the prime factors of v(11).
3, 5
Suppose 5*m + 6 = 2*l, -4*l + 5*m + 2 = -10. Suppose 276 = 5*p + l*t, -3*p + 0*p + 159 = 4*t. Let q = p - 11. What are the prime factors of q?
2, 23
Let z(d) be the third derivative of -d**4/8 + 5*d**3/6 + 20*d**2. What are the prime factors of z(-10)?
5, 7
Suppose 6*s - 2*s = 0. Suppose 2*j - 746 + 184 = s. List the prime factors of j.
281
Let j(k) = -k**3 - 7*k**2 + 3. Let a be j(-7). Suppose -a*f = -0*f - 30. Let b = f + 2. What are the prime factors of b?
2, 3
Let r(c) = -112*c**2 + 218*c**2 + 4*c - 105*c**2 - 18. What are the prime factors of r(-7)?
3
Suppose -5*m = -2*g + 3*g - 926, 0 = g - m - 938. List the prime factors of g.
2, 3, 13
Suppose 2*v = 5*g + 100, 0 = -4*v - 2*g - 61 + 213. Suppose -4*c = -4 - v. What are the prime factors of c?
11
Suppose -4*h + 32 = -3*q, 2*h + 10 = -4*q + 4. Let c(v) = v**3 - 6*v**2 + 7*v - 4. Let z be c(h). Let k = z + -3. List the prime factors of k.
3
Let f(l) = 3*l**2 + 101*l - 131. What are the prime factors of f(-47)?
3, 11, 53
Let n(q) = -q**2 - 3*q + 27. Let x be n(0). Suppose -11 = -3*y - 2. Suppose y*w = 2*a - 42, a - 2*w - x = w. What are the prime factors of a?
3, 5
Let z = 7569 - 3377. What are the prime factors of z?
2, 131
List the prime factors of 5 + (-1 - -7900)/(38 - 35).
2, 1319
Let f = -506 - -1404. What are the prime factors of f?
2, 449
Let m(v) = -19*v - 155. What are the prime factors of m(-10)?
5, 7
Suppose -1 = w, 3*w - 4*w = -4*g - 623. Let f = g - -301. What are the prime factors of f?
5, 29
Suppose -190 - 98 = -3*z. Let f = z + -49. What are the prime factors of f?
47
Let o(i) = 83*i + 193. What are the prime factors of o(8)?
857
Suppose 3*m = 2*v - 92, 6*m + v = 2*m - 119. List the prime factors of (-33)/(-2)*m/(-45).
11
Suppose 7 = 4*h + 3*h. What are the prime factors of 1 - -5 - 4 - (h - 29)?
2, 3, 5
Let t(z) = 3*z - 8. Let k be 3 - (0/1 + -2). Suppose -v + k*g = -0*v, -4*v = -2*g - 18. What are the prime factors of t(v)?
7
Let d be (-600)/(-7) - (0 - (-6)/(-21)). Suppose 0 = i + 47 - d. List the prime factors of i.
3, 13
Let r(b) be the third derivative of -19*b**4/24 + b**3/2 - 14*b**2. What are the prime factors of r(-2)?
41
Let h = 9 - 7. Let v = 18 - h. List the prime factors of v.
2
Let k = -879 + 1470. List the prime factors of k.
3, 197
Suppose 0*n + 106 = 2*n - h, -4*n + 220 = -4*h. Suppose -2*p + n - 221 = 0. Let r = 133 + p. List the prime factors of r.
2, 3
Suppose 222*o - 5528 = 214*o. List the prime factors of o.
691
Let t(w) = -5*w + 10. Let q be t(-6). Suppose -r = -0*r - q. What are the prime factors of r?
2, 5
Let j(l) = l**2 + 7*l + 24. Let y(b) = b - 1. Let i(o) = j(o) + 4*y(o). Let z be i(-9). Suppose 0 = z*n - 36 - 68. What are the prime factors of n?
2, 13
Let d be 2/14 - (-7)/(-49). Suppose d = 2*k + 3*r - 34, 5*k + 0*r - 92 = -4*r. List the prime factors of k.
2, 5
Suppose c = 4*j + 58, -3*c + 24 = -2*j - 0*c. Suppose 2*o - 4*o + 56 = 0. Let s = j + o. What are the prime factors of s?
13
Let f(t) = -6*t**2 + t. Let y be f(1). Let c(z) = z**2 + 4*z + 1. Let m be c(y). Suppose 0 = -2*l - 0*l + m. List the prime factors of